- 8. Let f(l) = 6*l**2 + 7*l + 8. Let p(r) = 6*f(r) + 7*h(r). Suppose 0 = -5*t + 165 - 150, 3*u = -t + 21. Give p(u).
-14
Let v(q) = 14 - 210*q - 179*q + 393*q. Determine v(-3).
2
Suppose -3*m - 23 = 19*m + 21. Let a(p) = 3*p**3 + 6*p**2 - 6*p - 3. Give a(m).
9
Suppose -3*w + 0*w + 108 = 0. Let n be ((-16)/14 - 0)*-7. Let d(u) = -w*u + 16*u + 13*u - 8 + n*u. What is d(9)?
1
Let t(m) = 348 + 321 + 344 + m**2 - 1355 + 348. Let b be (-2 + 1 - -1)/(-2). What is t(b)?
6
Let p(y) be the first derivative of -5*y + 6*y**2 + 47 - 1/3*y**3. Calculate p(11).
6
Suppose -10 = -5*o - 15. Let q(d) = -17*d**2 + 11*d - 121. Let h(m) = 9*m**2 - 6*m + 66. Let f(k) = -11*h(k) - 6*q(k). Give f(o).
3
Let u(m) = 4*m - 13. Let i(d) = -5*d + 16. Let j(p) = -5*i(p) - 6*u(p). Let y(f) = 11*f - 16. Let s(v) = 6*j(v) - y(v). What is s(8)?
-36
Suppose -4*l - 91 = -11*l. Let c(p) = -2*p + 26. Let r be c(l). Let w(v) = v - 15. Calculate w(r).
-15
Suppose 226 = 34*q + 124. Let d(p) = -23*p + 13. Calculate d(q).
-56
Let c = -5609 - -5587. Let v(o) = -5*o - 139. Give v(c).
-29
Let u be 6 + (0 - -2) + 1 + -1 + -5. Let q(h) = -17*h + 53. Give q(u).
2
Let o(t) = -16*t + 16. Let q be o(1). Let s(a) = q - 8 - a**2 + 3 - 5 - 4 - 9*a. Determine s(-4).
6
Let o(w) = -2*w + 14. Suppose -34*b + 29*b = 35. Let i(f) = f + 17. Let q be i(b). Calculate o(q).
-6
Let g(j) = 12*j + 28. Let i(b) = 9*b + 28. Let p(x) = -6*g(x) + 7*i(x). Give p(3).
1
Let v(w) = 5 - 16049108*w + 16049108*w + 2*w**2. Determine v(2).
13
Suppose 4*s + 316 = -0*s. Let y = 81 + s. Let k(j) = -2*j**3 + 2*j**2 - 9*j**3 + 3 + 9*j**3 + 2*j - 3*j**y. Calculate k(-2).
11
Let b(t) = -t**3 - 6*t**2 + 5*t + 11. Let q = -7124 + 7118. What is b(q)?
-19
Let k(g) = 4*g**3 - 4*g**2 + g + 7. Let m = -128 - -126. Let z(q) = -3*q**3 + 5*q**2 - 2*q - 7. Let b(j) = m*k(j) - 3*z(j). Determine b(6).
-5
Let o be (1 - 2)*(-18)/9. Suppose -4*z = -6*z - o*x - 6, -3*x - 9 = 2*z. Suppose -v + 9*v + 40 = z. Let l(m) = m**3 + 6*m**2 + 3*m - 7. Determine l(v).
3
Let s be ((-12)/34)/(30/(-510)). Let h(j) be the third derivative of j**6/120 - 7*j**5/60 + 5*j**4/24 + 2*j**3/3 - 3*j**2. Give h(s).
-2
Suppose 0 = 10*y + 8 - 38. Let g(d) = -11*d**2 - 20*d**3 - 6 - 14*d**y + 35*d**3. Calculate g(11).
-6
Let w(q) = q + 7. Suppose 122 = 5*o + 297. Let m be 3 - ((-45)/o + 4/(-14)). Suppose -m*a + 2 = -2*k - 2, -2*a = -k - 4. What is w(k)?
7
Let h(n) be the second derivative of n**4/12 - n**3/6 + n**2 + 6*n. Let z be 16/(-12)*27/6. Let a be (z/(-2))/(42/28) - 2. Calculate h(a).
2
Let m(h) = h + 8. Let z(o) = -244*o - 8. Let t be z(3). Let n be (-4)/(-10) - t/(-100). Calculate m(n).
1
Suppose 3*a = b - 5, -2*a + 2*b - 4 = -2. Let d(u) = 9*u + 19. Let r(j) = j + 2. Let h(k) = a*d(k) + 14*r(k). Give h(-7).
18
Let x(r) = -3*r**2 + 6*r - 15. Let n = 9196 - 9194. Give x(n).
-15
Suppose z + 6*j + 10 = 2*j, 2*z = -2*j - 2. Suppose 5*v - o = 4, z*o - 4 + 0 = -2*v. Let y(l) = 10*l**3 + 1. Give y(v).
11
Let t(p) be the first derivative of p**3/3 + 6*p**2 + 9*p - 1984. Give t(-6).
-27
Suppose -31*o + 71 = 26*o + 299. Let f(d) = 9*d - 16. Determine f(o).
-52
Let n(j) = 160*j - 380. Let f(l) = 26*l - 63. Let t(x) = 85*f(x) - 14*n(x). What is t(-1)?
-5
Let u(p) be the third derivative of -1/120*p**6 + 46*p**2 + 0 + 7/24*p**4 - 1/15*p**5 + 0*p + 1/2*p**3. Determine u(-5).
-7
Let u(v) be the second derivative of -v**5/20 - 13*v**4/12 - 29*v**3/6 - 7*v**2/2 - 3*v - 226. Calculate u(-10).
-17
Let k(l) be the second derivative of -l**3/2 + 3*l**2/2 - 2*l. Let o = 46 + -37. Suppose o - 17 = -4*d. Determine k(d).
-3
Suppose -231*v + 232*v = -233. Let x = v - -240. Let b(y) = -y**3 + 6*y**2 + 7*y + 8. Give b(x).
8
Let n(z) = 5*z + 4. Let p be (52/6)/((-13)/(-39)). Let b = p + -1. Let s = 21 - b. Give n(s).
-16
Let j(v) = 5 + v**3 + 20*v**2 + 14*v**2 - 20 - 5*v + 0*v**3 - 29*v**2. Give j(-6).
-21
Suppose -19 = -5*d - m, 7*d + m - 15 = 3*d. Suppose 8*p - 2*p + d*p = 0. Let c(i) = i**3 - 8. Calculate c(p).
-8
Let d(j) = j + 16. Let b(m) = m**2 - 12*m + 39. Let s be b(6). Let o(r) = 11. Let c(z) = s*d(z) - 4*o(z). Determine c(2).
10
Let f be 184/(-14)*1694/(-968). Let u(t) = -t**3 + 25*t**2 - 41*t - 57. Give u(f).
58
Suppose 14*i + 3*y - 3 = 15*i, 0 = 5*i - 5*y - 5. Let r(h) = 17*h**2 + 5*h**2 - i*h**2 - 5*h**2 - 2*h**2. What is r(1)?
12
Let m(d) = -5 + 2 + 7 + d**2 - 5. Let g(s) = s**3 - 9*s**2 + s + 11. Let u(n) = -g(n) - 2*m(n). Let f(y) = y**3 - 17*y**2 + 30*y + 7. Let t be f(15). Give u(t).
-16
Let z(d) = 923*d - 3*d**2 + 34 - 2*d**2 - 934*d + 6*d**2. Calculate z(5).
4
Suppose -42*h + 72 = -36*h. Suppose -2*r + h*r = 20. Let i(q) = -r + 40*q - 2 - 44*q + q**2. What is i(6)?
8
Let r(y) be the third derivative of -y**5/30 - 31*y**4/24 + 6*y**3 + y**2 - 27*y + 12. Determine r(-17).
-15
Let x(o) = 0 + 1 + 4*o - 5*o. Suppose -7*h - 4 - 3 = 0. Let i(l) = 6*l - 15. Let n(r) = h*i(r) - 5*x(r). Give n(-7).
17
Let m be 12/5 + (47/282)/((-5)/(-18)). Let i(p) = p**3 - 2*p**2 - 2*p + 9. What is i(m)?
12
Let f(j) = j**3 + 2*j**2 - 2*j - 3. Let l(n) = 8*n**3 + 17*n**2 - 15*n - 25. Let h(z) = 34*f(z) - 4*l(z). Determine h(-3).
-32
Let q = 59 - 53. Suppose q*z - 35 - 1 = 0. Let n(i) = -3*i**3 + 4 - 10 - z*i + 4*i**3 - 3*i**2. Determine n(5).
14
Let x(w) = 15*w + 5. Let o = -1118 + 1113. Calculate x(o).
-70
Let o be ((-2)/3)/((-2)/24). Let m = -6 + o. Let a(d) = -43 + 91 + 288*d - 46 - 289*d. Determine a(m).
0
Let r = -12703 + 12712. Let x(g) = -g**2 + 20*g - 96. What is x(r)?
3
Let s(r) = -7*r**3 + 6*r**2 - 9*r. Let l(t) = 6*t**3 - 6*t**2 + 8*t - 1. Let w = 590 - 584. Let x(o) = w*l(o) + 5*s(o). What is x(4)?
-26
Let l(y) be the first derivative of -2*y**3/3 - y**2/2 + 23*y - 2249. Calculate l(-8).
-97
Let y = 24968 + -24968. Let n(f) = -4*f**2 - 10*f - 11. Let o(t) = -t**2 - 3*t - 4. Let b(x) = -2*n(x) + 7*o(x). What is b(y)?
-6
Suppose -z = z - 6. Suppose 0 = -6*h - z*h + 54. Let g(s) = 1. Let f(v) = v - 1. Let y(d) = -f(d) - g(d). Determine y(h).
-6
Let v(i) = 2*i**3 + 2*i + 3. Let l be -5 + 3 + (-2 - 16/(-4)). Let h be v(l). Let q(x) be the first derivative of 7*x**2/2 - x + 2. Give q(h).
20
Suppose 3*h = -2*i + 4, -3*h = -3*i - 146 + 152. Let m(a) = -a**2 + 2*a + 4. Let c(j) = -4*j**2 + 7*j + 12. Let n(f) = 2*c(f) - 7*m(f). Give n(h).
-4
Let p(i) be the third derivative of -41*i**4/24 - 58*i**3/3 - 7149*i**2. Give p(-3).
7
Let n(w) = w + 11. Suppose 9*d - 6388 = -1321. Let p = 553 - d. Calculate n(p).
1
Let u = 7 - 9. Let m be ((-2)/(-4))/((-1)/(-4)). Let t(z) = 29 - 2*z - 31 - 2*z - 2*z**3 - m*z**2. Determine t(u).
14
Let f(w) be the second derivative of -1/2*w**2 + 0 - 1/6*w**3 - 1/4*w**4 + 232*w. Calculate f(-2).
-11
Suppose 4*s + s = -75. Let v(x) = 1131*x**3 - 1130*x**3 + 4*x + 16*x**2 + 3 + 11*x. Determine v(s).
3
Let x(u) = u**3 + 14*u**2 - u - 1. Suppose -2*z = 8, 0 = -4*l - 4*z + 131 - 203. Calculate x(l).
13
Let d(p) be the second derivative of -p**3/6 + p**2 - p. Suppose -2*x - 18 = -v, -2*x + 19 = -4*v + 61. Calculate d(v).
-6
Let a(t) be the third derivative of 2*t**4/3 + 5*t**3/3 - t**2 + 837. Determine a(-1).
-6
Let d(n) = -418*n + 825*n - 408*n + 0 + 1. Suppose -6 = -3*c, -2*z = 2*z + 4*c + 8. Give d(z).
5
Let o(v) = v**3 + 11*v**2 - 11*v + 11. Let r(q) = q**3 + 12*q**2 - 12*q + 11. Let w be (-940)/300 - 4/(-30). Let l(b) = w*r(b) + 4*o(b). Give l(-9).
2
Let i(b) = b**2 + 253*b - 2904. Let o be i(11). Let y(s) = -10*s + 31. What is y(o)?
31
Suppose 0 = -4*m + 21 + 23. Let x(j) = -j + 7. Let w(v) = -1. Let t(f) = -5*w(f) + x(f). What is t(m)?
1
Let j(l) = 88*l - 1. Let a(v) = 757*v + 3786. Let y be a(-5). Calculate j(y).
87
Let p(c) be the first derivative of -c**4/4 - c**3 + 11*c**2 + c - 8329. Determine p(-5).
-59
Let p(z) = 19*z + 13. Let a(q) = 6*q + 4. Let s(n) = 7*a(n) - 2*p(n). Let k(t) = t**2 + 417*t + 4857. Let v be k(-12). Calculate s(v).
-10
Let q(w) = 2*w**3 - 4*w**2 + 3*w - 2. Suppose -35*a + 38*a = 3. Let u be 1/a + -8 + 7. Let z be 1 + (-3 - (u - 4)). Calculate q(z).
4
Let s = 33 - 16. Let j(c) = -c**3 + 18*c**2 - 15*c - 28. Let x be j(s). Suppose -6 = -x*y - 6. Let v(z) = z**3 - z**2 - z + 8. Determine v(y).
8
Let l(r) = 2*r**2 + 31*r + 41. Suppose -2373*s = -2429*s - 784. Determine l(s).
-1
Let g(t) = -11*t**2 + 2*t - 3. Suppose 5*s + 4*s + 11754 = 11763. Wh